{"id":2043,"date":"2022-11-07T14:54:04","date_gmt":"2022-11-07T14:54:04","guid":{"rendered":"https:\/\/kadence.pixel-show.com\/influencer\/?page_id=16"},"modified":"2025-09-28T16:29:18","modified_gmt":"2025-09-28T14:29:18","slug":"contacts","status":"publish","type":"page","link":"https:\/\/www.jannemononen.fi\/index.php\/contacts\/","title":{"rendered":"Yhteys"},"content":{"rendered":"<style>.kb-row-layout-id2043_92af49-47 > .kt-row-column-wrap{align-content:start;}:where(.kb-row-layout-id2043_92af49-47 > .kt-row-column-wrap) > .wp-block-kadence-column{justify-content:start;}.kb-row-layout-id2043_92af49-47 > .kt-row-column-wrap{column-gap:var(--global-kb-gap-md, 2rem);row-gap:var(--global-kb-gap-md, 2rem);max-width:var( --global-content-width, 1100px );padding-left:var(--global-content-edge-padding);padding-right:var(--global-content-edge-padding);padding-top:60px;padding-bottom:60px;grid-template-columns:minmax(0, 1fr);}.kb-row-layout-id2043_92af49-47 > .kt-row-layout-overlay{opacity:0.30;}@media all and (max-width: 1024px){.kb-row-layout-id2043_92af49-47 > .kt-row-column-wrap{padding-top:60px;grid-template-columns:minmax(0, 1fr);}}@media all and (max-width: 767px){.kb-row-layout-id2043_92af49-47 > .kt-row-column-wrap{grid-template-columns:minmax(0, 1fr);}}<\/style><div class=\"kb-row-layout-wrap kb-row-layout-id2043_92af49-47 alignnone has-theme-palette8-background-color kt-row-has-bg wp-block-kadence-rowlayout\"><div class=\"kt-row-column-wrap kt-has-1-columns kt-row-layout-equal kt-tab-layout-inherit kt-mobile-layout-row kt-row-valign-top kb-theme-content-width\">\n<style>.kadence-column2043_25a4ae-e0 > .kt-inside-inner-col,.kadence-column2043_25a4ae-e0 > .kt-inside-inner-col:before{border-top-left-radius:0px;border-top-right-radius:0px;border-bottom-right-radius:0px;border-bottom-left-radius:0px;}.kadence-column2043_25a4ae-e0 > .kt-inside-inner-col{column-gap:var(--global-kb-gap-sm, 1rem);}.kadence-column2043_25a4ae-e0 > .kt-inside-inner-col{flex-direction:column;}.kadence-column2043_25a4ae-e0 > .kt-inside-inner-col > .aligncenter{width:100%;}.kadence-column2043_25a4ae-e0 > .kt-inside-inner-col:before{opacity:0.3;}.kadence-column2043_25a4ae-e0{position:relative;}@media all and (max-width: 1024px){.kadence-column2043_25a4ae-e0 > .kt-inside-inner-col{flex-direction:column;justify-content:center;}}@media all and (max-width: 767px){.kadence-column2043_25a4ae-e0 > .kt-inside-inner-col{flex-direction:column;justify-content:center;}}<\/style>\n<div class=\"wp-block-kadence-column kadence-column2043_25a4ae-e0 inner-column-1\"><div class=\"kt-inside-inner-col\"><style>.kb-row-layout-id2043_8420e9-3e > .kt-row-column-wrap{align-content:start;}:where(.kb-row-layout-id2043_8420e9-3e > .kt-row-column-wrap) > .wp-block-kadence-column{justify-content:start;}.kb-row-layout-id2043_8420e9-3e > .kt-row-column-wrap{column-gap:var(--global-kb-gap-md, 2rem);row-gap:var(--global-kb-gap-md, 2rem);max-width:600px;margin-left:auto;margin-right:auto;padding-top:0px;padding-bottom:0px;grid-template-columns:minmax(0, 1fr);}.kb-row-layout-id2043_8420e9-3e > .kt-row-layout-overlay{opacity:0.30;}@media all and (max-width: 1024px){.kb-row-layout-id2043_8420e9-3e > .kt-row-column-wrap{max-width:600px;margin-left:auto;margin-right:auto;grid-template-columns:minmax(0, 1fr);}}@media all and (max-width: 767px){.kb-row-layout-id2043_8420e9-3e > .kt-row-column-wrap{grid-template-columns:minmax(0, 1fr);}}<\/style><div class=\"kb-row-layout-wrap kb-row-layout-id2043_8420e9-3e alignnone wp-block-kadence-rowlayout\"><div class=\"kt-row-column-wrap kt-has-1-columns kt-row-layout-equal kt-tab-layout-inherit kt-mobile-layout-row kt-row-valign-top\">\n<style>.kadence-column2043_9955a9-71 > .kt-inside-inner-col,.kadence-column2043_9955a9-71 > .kt-inside-inner-col:before{border-top-left-radius:0px;border-top-right-radius:0px;border-bottom-right-radius:0px;border-bottom-left-radius:0px;}.kadence-column2043_9955a9-71 > .kt-inside-inner-col{column-gap:var(--global-kb-gap-sm, 1rem);}.kadence-column2043_9955a9-71 > .kt-inside-inner-col{flex-direction:column;}.kadence-column2043_9955a9-71 > .kt-inside-inner-col > .aligncenter{width:100%;}.kadence-column2043_9955a9-71 > .kt-inside-inner-col:before{opacity:0.3;}.kadence-column2043_9955a9-71{position:relative;}@media all and (max-width: 1024px){.kadence-column2043_9955a9-71 > .kt-inside-inner-col{flex-direction:column;justify-content:center;}}@media all and (max-width: 767px){.kadence-column2043_9955a9-71 > .kt-inside-inner-col{flex-direction:column;justify-content:center;}}<\/style>\n<div class=\"wp-block-kadence-column kadence-column2043_9955a9-71 inner-column-1\"><div class=\"kt-inside-inner-col\"><style>.wp-block-kadence-advancedheading.kt-adv-heading2043_96ffbb-96, .wp-block-kadence-advancedheading.kt-adv-heading2043_96ffbb-96[data-kb-block=\"kb-adv-heading2043_96ffbb-96\"]{margin-bottom:20px;text-align:center;font-size:70px;line-height:70px;font-style:normal;}.wp-block-kadence-advancedheading.kt-adv-heading2043_96ffbb-96 mark.kt-highlight, .wp-block-kadence-advancedheading.kt-adv-heading2043_96ffbb-96[data-kb-block=\"kb-adv-heading2043_96ffbb-96\"] mark.kt-highlight{font-style:normal;color:#f76a0c;-webkit-box-decoration-break:clone;box-decoration-break:clone;padding-top:0px;padding-right:0px;padding-bottom:0px;padding-left:0px;}.wp-block-kadence-advancedheading.kt-adv-heading2043_96ffbb-96 img.kb-inline-image, .wp-block-kadence-advancedheading.kt-adv-heading2043_96ffbb-96[data-kb-block=\"kb-adv-heading2043_96ffbb-96\"] img.kb-inline-image{width:150px;vertical-align:baseline;}@media all and (max-width: 1024px){.wp-block-kadence-advancedheading.kt-adv-heading2043_96ffbb-96, .wp-block-kadence-advancedheading.kt-adv-heading2043_96ffbb-96[data-kb-block=\"kb-adv-heading2043_96ffbb-96\"]{font-size:55px;}}@media all and (max-width: 767px){.wp-block-kadence-advancedheading.kt-adv-heading2043_96ffbb-96, .wp-block-kadence-advancedheading.kt-adv-heading2043_96ffbb-96[data-kb-block=\"kb-adv-heading2043_96ffbb-96\"]{font-size:45px;}}<\/style>\n<h1 class=\"kt-adv-heading2043_96ffbb-96 wp-block-kadence-advancedheading\" data-kb-block=\"kb-adv-heading2043_96ffbb-96\">Ota yhteytt\u00e4<\/h1>\n\n\n<style>.wp-block-kadence-advancedheading.kt-adv-heading2043_94ba91-49, .wp-block-kadence-advancedheading.kt-adv-heading2043_94ba91-49[data-kb-block=\"kb-adv-heading2043_94ba91-49\"]{text-align:center;font-style:normal;}.wp-block-kadence-advancedheading.kt-adv-heading2043_94ba91-49 mark.kt-highlight, .wp-block-kadence-advancedheading.kt-adv-heading2043_94ba91-49[data-kb-block=\"kb-adv-heading2043_94ba91-49\"] mark.kt-highlight{font-style:normal;color:#f76a0c;-webkit-box-decoration-break:clone;box-decoration-break:clone;padding-top:0px;padding-right:0px;padding-bottom:0px;padding-left:0px;}.wp-block-kadence-advancedheading.kt-adv-heading2043_94ba91-49 img.kb-inline-image, .wp-block-kadence-advancedheading.kt-adv-heading2043_94ba91-49[data-kb-block=\"kb-adv-heading2043_94ba91-49\"] img.kb-inline-image{width:150px;vertical-align:baseline;}<\/style>\n<p class=\"kt-adv-heading2043_94ba91-49 wp-block-kadence-advancedheading\" data-kb-block=\"kb-adv-heading2043_94ba91-49\">Jos jotakin asiaa sattui vaikka tulemaan&#8230; esim. salasanan tilaus. <br>Eik\u00f6 kauppasivu toiminut oikein, etk\u00e4 saanut kirjaa ladattua? <br>Laita viesti\u00e4, niin pist\u00e4n kirjan s\u00e4hk\u00f6postilla.<\/p>\n<\/div><\/div>\n\n<\/div><\/div><\/div><\/div>\n\n<\/div><\/div>\n\n<style>.kb-row-layout-id2043_d46b43-a1 > .kt-row-column-wrap{align-content:start;}:where(.kb-row-layout-id2043_d46b43-a1 > .kt-row-column-wrap) > .wp-block-kadence-column{justify-content:start;}.kb-row-layout-id2043_d46b43-a1 > .kt-row-column-wrap{column-gap:var(--global-kb-gap-md, 2rem);row-gap:var(--global-kb-gap-md, 2rem);max-width:var( --global-content-width, 1100px );padding-left:var(--global-content-edge-padding);padding-right:var(--global-content-edge-padding);padding-top:60px;padding-right:20px;padding-bottom:60px;padding-left:20px;grid-template-columns:minmax(0, calc(45% - ((var(--global-kb-gap-md, 2rem) * 1 )\/2)))minmax(0, calc(55% - ((var(--global-kb-gap-md, 2rem) * 1 )\/2)));}.kb-row-layout-id2043_d46b43-a1 > .kt-row-layout-overlay{opacity:0.85;background:linear-gradient(80deg, #ff057c 0%, var(--global-palette2) 100%);}@media all and (max-width: 1024px){.kb-row-layout-id2043_d46b43-a1 > .kt-row-column-wrap{padding-top:60px;padding-right:150px;padding-bottom:60px;padding-left:150px;grid-template-columns:minmax(0, 1fr);}}@media all and (max-width: 767px){.kb-row-layout-id2043_d46b43-a1 > .kt-row-column-wrap{padding-top:60px;padding-right:30px;padding-bottom:60px;padding-left:30px;grid-template-columns:minmax(0, 1fr);}}<\/style><div class=\"kb-row-layout-wrap kb-row-layout-id2043_d46b43-a1 alignnone kt-row-has-bg wp-block-kadence-rowlayout\"><div class=\"kt-row-layout-overlay kt-row-overlay-gradient\"><\/div><div class=\"kt-row-column-wrap kt-has-2-columns kt-row-layout-equal kt-tab-layout-row kt-mobile-layout-row kt-row-valign-top kb-theme-content-width\">\n<style>.kadence-column2043_d4e212-1f > .kt-inside-inner-col,.kadence-column2043_d4e212-1f > .kt-inside-inner-col:before{border-top-left-radius:0px;border-top-right-radius:0px;border-bottom-right-radius:0px;border-bottom-left-radius:0px;}.kadence-column2043_d4e212-1f > .kt-inside-inner-col{column-gap:var(--global-kb-gap-sm, 1rem);}.kadence-column2043_d4e212-1f > .kt-inside-inner-col{flex-direction:column;}.kadence-column2043_d4e212-1f > .kt-inside-inner-col > .aligncenter{width:100%;}.kadence-column2043_d4e212-1f > .kt-inside-inner-col:before{opacity:0.3;}.kadence-column2043_d4e212-1f{position:relative;}@media all and (max-width: 1024px){.kadence-column2043_d4e212-1f > .kt-inside-inner-col{flex-direction:column;justify-content:center;}}@media all and (max-width: 767px){.kadence-column2043_d4e212-1f > .kt-inside-inner-col{flex-direction:column;justify-content:center;}}<\/style>\n<div class=\"wp-block-kadence-column kadence-column2043_d4e212-1f inner-column-1\"><div class=\"kt-inside-inner-col\"><style>.wp-block-kadence-advancedheading.kt-adv-heading2043_b29253-52, .wp-block-kadence-advancedheading.kt-adv-heading2043_b29253-52[data-kb-block=\"kb-adv-heading2043_b29253-52\"]{font-style:normal;color:#ffffff;}.wp-block-kadence-advancedheading.kt-adv-heading2043_b29253-52 mark.kt-highlight, .wp-block-kadence-advancedheading.kt-adv-heading2043_b29253-52[data-kb-block=\"kb-adv-heading2043_b29253-52\"] mark.kt-highlight{font-style:normal;color:#f76a0c;-webkit-box-decoration-break:clone;box-decoration-break:clone;padding-top:0px;padding-right:0px;padding-bottom:0px;padding-left:0px;}.wp-block-kadence-advancedheading.kt-adv-heading2043_b29253-52 img.kb-inline-image, .wp-block-kadence-advancedheading.kt-adv-heading2043_b29253-52[data-kb-block=\"kb-adv-heading2043_b29253-52\"] img.kb-inline-image{width:150px;vertical-align:baseline;}@media all and (max-width: 1024px){.wp-block-kadence-advancedheading.kt-adv-heading2043_b29253-52, .wp-block-kadence-advancedheading.kt-adv-heading2043_b29253-52[data-kb-block=\"kb-adv-heading2043_b29253-52\"]{text-align:center!important;}}@media all and (max-width: 767px){.wp-block-kadence-advancedheading.kt-adv-heading2043_b29253-52, .wp-block-kadence-advancedheading.kt-adv-heading2043_b29253-52[data-kb-block=\"kb-adv-heading2043_b29253-52\"]{text-align:center!important;}}<\/style>\n<\/div>\r\n<\/div>\r\n<div class=\"wp-block-kadence-column kadence-column2043_696bad-8b inner-column-2\">\r\n<div class=\"kt-inside-inner-col\">\r\n<p class=\"kt-adv-heading2043_b77a6a-df wp-block-kadence-advancedheading\" data-kb-block=\"kb-adv-heading2043_b77a6a-df\">\u00a0<\/p>\r\n<\/div>\r\n<\/div>\r\n<div class=\"wp-block-kadence-column kadence-column2043_99eb74-6d inner-column-1\">\r\n<div class=\"kt-inside-inner-col\">\n\n\n<style>.wp-block-kadence-advancedheading.kt-adv-heading2043_868b65-05, .wp-block-kadence-advancedheading.kt-adv-heading2043_868b65-05[data-kb-block=\"kb-adv-heading2043_868b65-05\"]{margin-top:40px;margin-bottom:40px;font-size:70px;line-height:78px;font-style:normal;}.wp-block-kadence-advancedheading.kt-adv-heading2043_868b65-05 mark.kt-highlight, .wp-block-kadence-advancedheading.kt-adv-heading2043_868b65-05[data-kb-block=\"kb-adv-heading2043_868b65-05\"] mark.kt-highlight{font-style:normal;color:#f76a0c;-webkit-box-decoration-break:clone;box-decoration-break:clone;padding-top:0px;padding-right:0px;padding-bottom:0px;padding-left:0px;}.wp-block-kadence-advancedheading.kt-adv-heading2043_868b65-05 img.kb-inline-image, .wp-block-kadence-advancedheading.kt-adv-heading2043_868b65-05[data-kb-block=\"kb-adv-heading2043_868b65-05\"] img.kb-inline-image{width:150px;vertical-align:baseline;}@media all and (max-width: 1024px){.wp-block-kadence-advancedheading.kt-adv-heading2043_868b65-05, .wp-block-kadence-advancedheading.kt-adv-heading2043_868b65-05[data-kb-block=\"kb-adv-heading2043_868b65-05\"]{font-size:60px;text-align:center!important;}}@media all and (max-width: 767px){.wp-block-kadence-advancedheading.kt-adv-heading2043_868b65-05, .wp-block-kadence-advancedheading.kt-adv-heading2043_868b65-05[data-kb-block=\"kb-adv-heading2043_868b65-05\"]{font-size:50px;line-height:58px;text-align:center!important;}}<\/style>\n<h2 class=\"kt-adv-heading2043_868b65-05 wp-block-kadence-advancedheading\" data-kb-block=\"kb-adv-heading2043_868b65-05\">Janne Mononen<\/h2>\n<\/div><\/div>\n\n\n<style>.kadence-column2043_2f809b-86 > .kt-inside-inner-col{padding-top:30px;padding-right:50px;padding-bottom:50px;padding-left:50px;}.kadence-column2043_2f809b-86 > .kt-inside-inner-col,.kadence-column2043_2f809b-86 > .kt-inside-inner-col:before{border-top-left-radius:0px;border-top-right-radius:0px;border-bottom-right-radius:80px;border-bottom-left-radius:0px;}.kadence-column2043_2f809b-86 > .kt-inside-inner-col{column-gap:var(--global-kb-gap-sm, 1rem);}.kadence-column2043_2f809b-86 > .kt-inside-inner-col{flex-direction:column;}.kadence-column2043_2f809b-86 > .kt-inside-inner-col > .aligncenter{width:100%;}.kadence-column2043_2f809b-86 > .kt-inside-inner-col{background-color:var(--global-palette9, #ffffff);}.kadence-column2043_2f809b-86 > .kt-inside-inner-col:before{opacity:0.3;}.kadence-column2043_2f809b-86{position:relative;}@media all and (max-width: 1024px){.kadence-column2043_2f809b-86 > .kt-inside-inner-col{flex-direction:column;justify-content:center;}}@media all and (max-width: 767px){.kadence-column2043_2f809b-86 > .kt-inside-inner-col{padding-top:var(--global-kb-spacing-xs, 1rem);padding-right:var(--global-kb-spacing-xs, 1rem);padding-bottom:var(--global-kb-spacing-xs, 1rem);padding-left:var(--global-kb-spacing-xs, 1rem);flex-direction:column;justify-content:center;}}<\/style>\n<div class=\"wp-block-kadence-column kadence-column2043_2f809b-86 inner-column-2\"><div class=\"kt-inside-inner-col\"><style>.kadence-form-2043_375734-54 .kb-form .kadence-blocks-form-field .kb-text-style-field, .kadence-form-2043_375734-54 .kb-form .kadence-blocks-form-field .kb-select-style-field{border-radius:50px;border-color:var(--global-palette6, #718096);}.kadence-form-2043_375734-54 .kb-form .kadence-blocks-form-field > label{font-size:20px;font-family:Sorts Mill Goudy;font-style:italic;font-weight:400;padding-top:0px;padding-right:0px;padding-bottom:0px;padding-left:10px;}.kadence-form-2043_375734-54 .kb-form .kadence-blocks-form-field .kb-forms-submit{border-radius:50px;}.kadence-form-2043_375734-54 .kb-form .kadence-blocks-form-field .kb-forms-submit{margin-top:10px;}.kadence-form-2043_375734-54 .kb-form .kadence-blocks-form-field .kb-forms-submit{text-transform:capitalize;}.kb-form input.kadence-blocks-field.verify{opacity:0.0;position:absolute;top:0.0;left:0.0;width:0.0;height:0.0;z-index:-1;}<\/style>\n<div class=\"wp-block-kadence-form kadence-form-2043_375734-54 kb-form-wrap\"><form class=\"kb-form\" action=\"\" method=\"post\" data-error-message=\"Jokin meni pieleen\">\r\n<div class=\"kadence-blocks-form-field kb-field-desk-width-100 kb-input-size-standard\"><label for=\"kb_field_2043_375734-54_0\">Nimi<\/label><input id=\"kb_field_2043_375734-54_0\" class=\"kb-field kb-text-style-field kb-text-field kb-field-0\" name=\"kb_field_0\" type=\"text\" value=\"\" placeholder=\"\" data-label=\"Nimi\" data-type=\"text\" \/><\/div>\r\n<div class=\"kadence-blocks-form-field kb-form-field-1 kb-field-desk-width-100 kb-input-size-standard\"><label for=\"kb_field_2043_375734-54_1\">S\u00e4hk\u00f6postiosoitteesi<\/label><input id=\"kb_field_2043_375734-54_1\" class=\"kb-field kb-text-style-field kb-email-field kb-field-1\" name=\"kb_field_1\" type=\"email\" value=\"\" placeholder=\"\" data-label=\"S\u00e4hk\u00f6postiosoitteesi\" data-type=\"email\" \/><\/div>\r\n<div class=\"kadence-blocks-form-field kb-form-field-2 kb-field-desk-width-50 kb-field-mobile-width-100 kb-input-size-standard\"><label for=\"kb_field_2043_375734-54_2\">Aihe<\/label><input id=\"kb_field_2043_375734-54_2\" class=\"kb-field kb-text-style-field kb-text-field kb-field-2\" name=\"kb_field_2\" type=\"text\" value=\"\" placeholder=\"\" data-label=\"Aihe\" data-type=\"text\" \/><\/div>\r\n<div class=\"kadence-blocks-form-field kb-form-field-3 kb-field-desk-width-100 kb-field-mobile-width-100 kb-input-size-standard\"><label for=\"kb_field_2043_375734-54_3\">Viesti<\/label><textarea id=\"kb_field_2043_375734-54_3\" class=\"kb-field kb-text-style-field kb-textarea-field kb-field-3\" name=\"kb_field_3\" rows=\"2\" placeholder=\"\" data-label=\"Viesti\" data-type=\"textarea\"><\/textarea><\/div>\r\n<input name=\"_kb_form_id\" type=\"hidden\" value=\"2043_375734-54\" \/><input name=\"_kb_form_post_id\" type=\"hidden\" value=\"2043\" \/><input name=\"action\" type=\"hidden\" value=\"kb_process_ajax_submit\" \/><input class=\"kadence-blocks-field verify\" tabindex=\"-1\" autocomplete=\"off\" name=\"_kb_verify_email\" type=\"text\" placeholder=\"Email\" aria-hidden=\"true\" \/>\r\n<div class=\"kadence-blocks-form-field kb-submit-field kb-field-desk-width-100\"><button class=\"kb-forms-submit button kb-button-size-standard kb-button-width-full\">L\u00e4het\u00e4<\/button><\/div>\r\n<\/form><\/div>\n<noscript><div class=\"kadence-blocks-form-message kadence-blocks-form-warning\">Please enable JavaScript in your browser to submit the form<\/div><style>.kadence-form-2043_375734-54 .kadence-blocks-form-field.kb-submit-field { display: none; }<\/style><\/noscript><\/div><\/div>\n\n<\/div><\/div>\n\n\n<p>&nbsp;<\/p>\n","protected":false},"excerpt":{"rendered":"<p>Ota yhteytt\u00e4 Jos jotakin asiaa sattui vaikka tulemaan&#8230; esim. salasanan tilaus. Eik\u00f6 kauppasivu toiminut oikein, etk\u00e4 saanut kirjaa ladattua? Laita viesti\u00e4, niin pist\u00e4n kirjan s\u00e4hk\u00f6postilla. \u00a0 Janne Mononen &nbsp;<\/p>\n","protected":false},"author":1,"featured_media":0,"parent":0,"menu_order":0,"comment_status":"closed","ping_status":"closed","template":"","meta":{"_kadence_starter_templates_imported_post":true,"_kad_post_transparent":"default","_kad_post_title":"hide","_kad_post_layout":"fullwidth","_kad_post_sidebar_id":"","_kad_post_content_style":"unboxed","_kad_post_vertical_padding":"hide","_kad_post_feature":"hide","_kad_post_feature_position":"","_kad_post_header":false,"_kad_post_footer":false,"_kad_post_classname":"","footnotes":""},"class_list":["post-2043","page","type-page","status-publish","hentry"],"_links":{"self":[{"href":"https:\/\/www.jannemononen.fi\/index.php\/wp-json\/wp\/v2\/pages\/2043","targetHints":{"allow":["GET"]}}],"collection":[{"href":"https:\/\/www.jannemononen.fi\/index.php\/wp-json\/wp\/v2\/pages"}],"about":[{"href":"https:\/\/www.jannemononen.fi\/index.php\/wp-json\/wp\/v2\/types\/page"}],"author":[{"embeddable":true,"href":"https:\/\/www.jannemononen.fi\/index.php\/wp-json\/wp\/v2\/users\/1"}],"replies":[{"embeddable":true,"href":"https:\/\/www.jannemononen.fi\/index.php\/wp-json\/wp\/v2\/comments?post=2043"}],"version-history":[{"count":8,"href":"https:\/\/www.jannemononen.fi\/index.php\/wp-json\/wp\/v2\/pages\/2043\/revisions"}],"predecessor-version":[{"id":2651,"href":"https:\/\/www.jannemononen.fi\/index.php\/wp-json\/wp\/v2\/pages\/2043\/revisions\/2651"}],"wp:attachment":[{"href":"https:\/\/www.jannemononen.fi\/index.php\/wp-json\/wp\/v2\/media?parent=2043"}],"curies":[{"name":"wp","href":"https:\/\/api.w.org\/{rel}","templated":true}]}}